1510605?
3, 5, 33569
What are the prime factors of 11157001?
23, 47, 10321
List the prime factors of 269283.
3, 7, 12823
What are the prime factors of 180792?
2, 3, 31
List the prime factors of 6974347.
73, 95539
List the prime factors of 152250.
2, 3, 5, 7, 29
What are the prime factors of 560346?
2, 3, 61, 1531
List the prime factors of 1282852.
2, 320713
List the prime factors of 436478.
2, 7, 31177
What are the prime factors of 251617?
17, 19, 41
List the prime factors of 185116.
2, 46279
List the prime factors of 12233943.
3, 149, 3041
List the prime factors of 2351245.
5, 13, 61, 593
What are the prime factors of 90359?
90359
List the prime factors of 638716.
2, 13, 71, 173
What are the prime factors of 2094992?
2, 127, 1031
What are the prime factors of 1635904?
2, 25561
List the prime factors of 5123808.
2, 3, 17791
What are the prime factors of 29379896?
2, 7, 13, 40357
List the prime factors of 2768217.
3, 922739
List the prime factors of 64739.
41, 1579
What are the prime factors of 14625?
3, 5, 13
List the prime factors of 8858173.
17, 41, 71, 179
What are the prime factors of 626331?
3, 17, 12281
List the prime factors of 309821.
491, 631
What are the prime factors of 2613804?
2, 3, 67, 3251
What are the prime factors of 500733?
3, 23, 41, 59
What are the prime factors of 497713?
127, 3919
What are the prime factors of 3840037?
3840037
What are the prime factors of 1577386?
2, 23, 53, 647
What are the prime factors of 233282?
2, 7, 19, 877
List the prime factors of 4630699.
19, 251, 971
What are the prime factors of 211348?
2, 52837
List the prime factors of 227506.
2, 19, 5987
List the prime factors of 3462838.
2, 271, 6389
What are the prime factors of 17852746?
2, 349, 25577
List the prime factors of 812424.
2, 3, 33851
List the prime factors of 293454.
2, 3, 7, 17, 137
List the prime factors of 4604189.
4604189
List the prime factors of 528938.
2, 17, 47, 331
List the prime factors of 49827.
3, 17, 977
List the prime factors of 3990473.
3990473
List the prime factors of 7013499.
3, 167, 13999
List the prime factors of 273642.
2, 3, 59, 773
List the prime factors of 414316.
2, 7, 14797
What are the prime factors of 7700566?
2, 1283, 3001
What are the prime factors of 1270936?
2, 158867
List the prime factors of 155872.
2, 4871
What are the prime factors of 8849?
8849
What are the prime factors of 7193378?
2, 3596689
What are the prime factors of 638731?
37, 61, 283
List the prime factors of 11223323.
1289, 8707
List the prime factors of 15026623.
17, 41, 21559
List the prime factors of 662612.
2, 165653
List the prime factors of 20350929.
3, 23, 59, 4999
List the prime factors of 6556407.
3, 11, 13, 17, 29, 31
List the prime factors of 2026742.
2, 163, 6217
What are the prime factors of 4518885?
3, 5, 7, 43037
What are the prime factors of 555149?
7, 71, 1117
List the prime factors of 113071.
7, 29, 557
List the prime factors of 699309.
3, 13, 43, 139
List the prime factors of 7384916.
2, 7, 11, 23977
What are the prime factors of 2113828?
2, 31, 17047
What are the prime factors of 22661353?
11, 13, 37, 4283
List the prime factors of 9963030.
2, 3, 5, 7, 11, 19, 227
List the prime factors of 101505.
3, 5, 67, 101
What are the prime factors of 15240014?
2, 19, 401053
What are the prime factors of 1934254?
2, 7, 23, 6007
What are the prime factors of 562917?
3, 187639
What are the prime factors of 5449967?
353, 15439
List the prime factors of 72024.
2, 3, 3001
List the prime factors of 1214103.
3, 11, 36791
List the prime factors of 709351.
709351
What are the prime factors of 342960?
2, 3, 5, 1429
List the prime factors of 5343423.
3, 17, 104773
List the prime factors of 49318.
2, 24659
What are the prime factors of 497261?
497261
What are the prime factors of 415017?
3, 19, 809
What are the prime factors of 1592770?
2, 5, 19, 83, 101
List the prime factors of 9683575.
5, 11, 23, 1531
List the prime factors of 121945.
5, 29
List the prime factors of 347567.
11, 19, 1663
List the prime factors of 795710.
2, 5, 47, 1693
List the prime factors of 1577669.
617, 2557
List the prime factors of 2162206.
2, 37, 61, 479
List the prime factors of 832998.
2, 3, 19, 7307
What are the prime factors of 3316035?
3, 5, 221069
What are the prime factors of 127148?
2, 7, 19, 239
What are the prime factors of 11058054?
2, 3, 7, 263287
List the prime factors of 1873056.
2, 3, 109, 179
What are the prime factors of 2792112?
2, 3, 58169
What are the prime factors of 221254?
2, 11, 89, 113
What are the prime factors of 282287?
282287
List the prime factors of 2765294.
2, 7, 197521
List the prime factors of 174056.
2, 21757
What are the prime factors of 416608?
2, 47, 277
List the prime factors of 73742.
2, 36871
List the prime factors of 436131.
3, 29, 557
List the prime factors of 2651780.
2, 5, 132589
What are the prime factors of 7247694?
2, 3, 647, 1867
List the prime factors of 18418128.
2, 3, 353, 1087
What are the prime factors of 1304409?
3, 434803
What are the prime factors of 265413?
3, 88471
What are the prime factors of 1290055?
5, 13, 89, 223
List the prime factors of 3421215.
3, 5, 7, 10861
List the prime factors of 249040.
2, 5, 11, 283
List the prime factors of 6533350.
2, 5, 41, 3187
List the prime factors of 8792598.
2, 3, 1465433
List the prime factors of 208644.
2, 3, 17387
What are the prime factors of 1362946?
2, 13, 19, 31, 89
List the prime factors of 1815809.
1815809
What are the prime factors of 23271?
3, 7757
What are the prime factors of 17249921?
13, 1326917
What are the prime factors of 71526?
2, 3, 7, 13, 131
List the prime factors of 411836.
2, 149, 691
List the prime factors of 1459787.
7, 23, 9067
List the prime factors of 4808851.
631, 7621
What are the prime factors of 1334138?
2, 13, 23, 97
List the prime factors of 2190879.
3, 243431
List the prime factors of 5063290.
2, 5, 506329
What are the prime factors of 1013962?
2, 181, 2801
List the prime factors of 1858352.
2, 19, 6113
What are the prime factors of 1100913?
3, 11, 73, 457
What are the prime factors of 2732725?
5, 281, 389
What are the prime factors of 1065475?
5, 17, 23, 109
What are the prime factors of 493548?
2, 3, 11, 3739
What are the prime factors of 2803684?
2, 13, 53917
What are the prime factors of 3143598?
2, 3, 179, 2927
List the prime factors of 1940953.
7, 277279
What are the prime factors of 3446548?
2, 7, 123091
List the prime factors of 7061278.
2, 7, 504377
What are the prime factors of 83150?
2, 5, 1663
What are the prime factors of 564377?
11, 51307
What are the prime factors of 1503206?
2, 653, 1151
List the prime factors of 1645902.
2, 3, 61, 1499
List the prime factors of 2927184.
2, 3, 13, 4691
What are the prime factors of 1653602?
2, 31, 149, 179
List the prime factors of 160846.
2, 7, 11489
List the prime factors of 794654.
2, 7, 31, 1831
What are the prime factors of 4115707?
4115707
What are the prime factors of 27680029?
13, 17, 251, 499
List the prime factors of 339235.
5, 13, 17, 307
What are the prime factors of 373267?
23, 16229
What are the prime factors of 26191609?
26191609
List the prime factors of 1325706.
2, 3, 19, 29, 401
List the prime factors of 85617.
3, 7, 151
What are the prime factors of 67187?
67187
What are the prime factors of 250765?
5, 50153
List the prime factors of 114317.
7, 2333
What are the prime factors of 2201064?
2, 3, 91711
List the prime factors of 376284.
2, 3, 31357
List the prime factors of 3985932.
2, 3, 332161
What are the prime factors of 1728575?
5, 69143
What are the prime factors of 1621202?
2, 11, 59, 1249
What are the prime factors of 34400729?
11, 3127339
List the prime factors of 916849.
23, 39863
List the prime factors of 1309778.
2, 654889
List the prime factors of 296333.
37, 8009
List the prime factors of 7979344.
2, 23, 21683
List the prime factors of 1216109.
1216109
List the prime factors of 29528088.
2, 3, 1230337
What are the prime factors of 3129568?
2, 13, 7523
What are the prime factors of 2689162?
2, 7, 17, 11299
List the prime factors of 3892888.
2, 23, 21157
List the prime factors of 15590805.
3, 5, 1039387
What are the prime factors of 265522?
2, 132761
What are the prime factors of 358492?
2, 19, 53, 89
What are the prime factors of 2093056?
2, 7, 73
List the p